{"id":520,"date":"2022-02-08T21:14:33","date_gmt":"2022-02-08T19:14:33","guid":{"rendered":"https:\/\/felicjanki.edu.pl\/?page_id=520"},"modified":"2022-02-08T21:18:08","modified_gmt":"2022-02-08T19:18:08","slug":"zasady-obowiazujace-podczas-nauczania-zdalnego","status":"publish","type":"page","link":"https:\/\/felicjanki.edu.pl\/?page_id=520","title":{"rendered":"Zasady obowi\u0105zuj\u0105ce podczas nauczania zdalnego"},"content":{"rendered":"<p style=\"text-align:justify\"><b>I ZASADY OG\u00d3LNE<o:p><\/o:p><\/b><\/p>\n<p style=\"text-align:justify;text-indent:-18.0pt;\nmso-list:l2 level1 lfo1\"><!--[if !supportLists]-->1.&nbsp;&nbsp;&nbsp;&nbsp;&nbsp;&nbsp; <!--[endif]-->Udzia\u0142<br \/>\nw zaj\u0119ciach zdalnych jest dla uczni\u00f3w obowi\u0105zkiem.<o:p><\/o:p><\/p>\n<p style=\"text-align:justify;text-indent:-18.0pt;\nmso-list:l2 level1 lfo1\"><!--[if !supportLists]-->2.&nbsp;&nbsp;&nbsp;&nbsp;&nbsp;&nbsp; <!--[endif]-->Zabrania<br \/>\nsi\u0119 przekazywania ID osobom postronnym.<o:p><\/o:p><\/p>\n<p style=\"text-align:justify;text-indent:-18.0pt;\nmso-list:l2 level1 lfo1\"><!--[if !supportLists]-->3.&nbsp;&nbsp;&nbsp;&nbsp;&nbsp;&nbsp; <!--[endif]-->Zaj\u0119cia<br \/>\non-line odbywaj\u0105 si\u0119 wg ustalonego planu dost\u0119pnego dla dzieci i rodzic\u00f3w (w<br \/>\nLIBRUSIE).<o:p><\/o:p><\/p>\n<p style=\"text-align:justify;text-indent:-18.0pt;\nmso-list:l2 level1 lfo1\"><!--[if !supportLists]-->4.&nbsp;&nbsp;&nbsp;&nbsp;&nbsp;&nbsp; <!--[endif]-->Przestrzeganie<br \/>\nnetykiety jest obowi\u0105zkiem ucznia, nauczyciela, rodzica.<o:p><\/o:p><\/p>\n<p style=\"text-align:justify;text-indent:-18.0pt;\nmso-list:l2 level1 lfo1\"><!--[if !supportLists]-->5.&nbsp;&nbsp;&nbsp;&nbsp;&nbsp;&nbsp; <!--[endif]-->W<br \/>\nczasie nauki zdalnej wymiana materia\u0142\u00f3w mi\u0119dzy uczniem a nauczycielem przebiega<br \/>\nprzez TEAMS i OUTLOOK.<o:p><\/o:p><\/p>\n<p style=\"text-align:justify;text-indent:-18.0pt;\nmso-list:l2 level1 lfo1\"><!--[if !supportLists]-->6.&nbsp;&nbsp;&nbsp;&nbsp;&nbsp;&nbsp; <!--[endif]-->Kontakty<br \/>\nz rodzicami nast\u0119puje poprzez LIBRUS.<o:p><\/o:p><\/p>\n<p style=\"text-align:justify;text-indent:-18.0pt;\nmso-list:l2 level1 lfo1\"><!--[if !supportLists]--><b>7.&nbsp;&nbsp;&nbsp;&nbsp;&nbsp;&nbsp; <\/b><!--[endif]--><b>Uczestnictwo<br \/>\nw lekcji zwi\u0105zane jest z posiadaniem sprawnego sprz\u0119tu \u2013 kamerki i mikrofonu.<o:p><\/o:p><\/b><\/p>\n<p style=\"text-align:justify;text-indent:-18.0pt;\nmso-list:l2 level1 lfo1\"><!--[if !supportLists]-->8.&nbsp;&nbsp;&nbsp;&nbsp;&nbsp;&nbsp; <!--[endif]-->Lekcje<br \/>\nnie mog\u0105 by\u0107 nagrywane i udost\u0119pniane.<o:p><\/o:p><\/p>\n<p style=\"text-align:justify;text-indent:-18.0pt;\nmso-list:l2 level1 lfo1\"><!--[if !supportLists]-->9.&nbsp;&nbsp;&nbsp;&nbsp;&nbsp;&nbsp; <!--[endif]-->Lekcja<br \/>\nzdalna trwa 45 minut.<o:p><\/o:p><\/p>\n<p style=\"text-align:justify;text-indent:-18.0pt;\nmso-list:l2 level1 lfo1\"><!--[if !supportLists]-->10.&nbsp;&nbsp; <!--[endif]-->Je\u015bli<br \/>\nucze\u0144 przez dwie jednostki lekcyjne jest nieobecny lub nie odpowiada na pytania,<br \/>\nnauczyciel informuje wychowawc\u0119, a ten wzywa rodzica do kontroli nad dzieckiem.<o:p><\/o:p><\/p>\n<p style=\"text-align:justify;text-indent:-18.0pt;\nmso-list:l2 level1 lfo1\"><!--[if !supportLists]-->11.&nbsp;&nbsp; <!--[endif]-->Pisanie<br \/>\nsprawdzian\u00f3w\/kartk\u00f3wek odbywa si\u0119 przy w\u0142\u0105czonej kamerze\/mikrofonie (lub wed\u0142ug<br \/>\ninnych ustale\u0144 nauczyciela).<o:p><\/o:p><\/p>\n<p style=\"text-align:justify;text-indent:-18.0pt;\nmso-list:l2 level1 lfo1\"><!--[if !supportLists]-->12.&nbsp;&nbsp; <!--[endif]-->Nauczyciel<br \/>\nodpowiada na wiadomo\u015bci (czaty) w godzinach pracy szko\u0142y (8.00 \u2013 16.00).<br \/>\nNauczanie zdalne nie oznacza ca\u0142odobowej dost\u0119pno\u015bci nauczyciela.<o:p><\/o:p><\/p>\n<p style=\"text-align:justify;text-indent:-18.0pt;\nmso-list:l2 level1 lfo1\"><!--[if !supportLists]-->13.&nbsp;&nbsp; <!--[endif]-->W<br \/>\ntrakcie zdalnego nauczania wszystkie oceny zyskuj\u0105 wag\u0119 1 (bez wzgl\u0119du na ustalenia<br \/>\nobowi\u0105zuj\u0105ce w zwyk\u0142ym trybie nauki).<o:p><\/o:p><\/p>\n<p style=\"text-align:justify\"><o:p>&nbsp;<\/o:p><\/p>\n<p style=\"margin-left:0cm;mso-add-space:auto;\ntext-align:justify\"><b>II NETYKIETA:<u><o:p><\/o:p><\/u><\/b><\/p>\n<p style=\"text-align:justify;text-indent:-18.0pt;\nmso-list:l0 level1 lfo2\"><!--[if !supportLists]-->1.&nbsp;&nbsp;&nbsp;&nbsp;&nbsp;&nbsp; <!--[endif]-->Podczas<br \/>\nrozmowy prowadzonej z wykorzystaniem kamery nale\u017cy by\u0107 odpowiednio ubranym.<o:p><\/o:p><\/p>\n<p style=\"text-align:justify;text-indent:-18.0pt;\nmso-list:l0 level1 lfo2\"><!--[if !supportLists]-->2.&nbsp;&nbsp;&nbsp;&nbsp;&nbsp;&nbsp; <!--[endif]-->Nie<br \/>\nwolno je\u015b\u0107 podczas zaj\u0119\u0107 ani opuszcza\u0107 lekcji ze wzgl\u0119du na posi\u0142ek.<o:p><\/o:p><\/p>\n<p style=\"text-align:justify;text-indent:-18.0pt;\nmso-list:l0 level1 lfo2\"><!--[if !supportLists]-->3.&nbsp;&nbsp;&nbsp;&nbsp;&nbsp;&nbsp; <!--[endif]-->Nie<br \/>\nwolno nagrywa\u0107 zaj\u0119\u0107 (podczas nagrywania wszyscy automatycznie otrzymuj\u0105 o tym komunikat).<o:p><\/o:p><\/p>\n<p style=\"text-align:justify;text-indent:-18.0pt;\nmso-list:l0 level1 lfo2\"><!--[if !supportLists]-->4.&nbsp;&nbsp;&nbsp;&nbsp;&nbsp;&nbsp; <!--[endif]-->Podczas<br \/>\nzaj\u0119\u0107 on-line wszystkie mikrofony w komputerach, telewizory, radia, odkurzacze<br \/>\ni inne sprz\u0119ty w domu powinny by\u0107 wyciszone w takim stopniu, \u017ceby nie zak\u0142\u00f3ca\u0142y<br \/>\nlekcji.<o:p><\/o:p><\/p>\n<p style=\"text-align:justify;text-indent:-18.0pt;\nmso-list:l0 level1 lfo2\"><!--[if !supportLists]-->5.&nbsp;&nbsp;&nbsp;&nbsp;&nbsp;&nbsp; <!--[endif]-->Wrzucanie<br \/>\nemotikon\u00f3w, link\u00f3w, hasztag\u00f3w, gif\u00f3w itp. na grup\u0119 zaj\u0119ciow\u0105 bez zgody osoby<br \/>\nprowadz\u0105cej zaj\u0119cia skutkuje obni\u017con\u0105 ocen\u0105 z zachowania.<o:p><\/o:p><\/p>\n<p style=\"text-align:justify;text-indent:-18.0pt;\nmso-list:l0 level1 lfo2\"><!--[if !supportLists]-->6.&nbsp;&nbsp;&nbsp;&nbsp;&nbsp;&nbsp; <!--[endif]-->Bezwzgl\u0119dnie<br \/>\nobowi\u0105zuje kulturalne odzywanie si\u0119 \u2013 w mowie i pi\u015bmie.<o:p><\/o:p><\/p>\n<p style=\"text-align:justify;text-indent:-18.0pt;\nmso-list:l0 level1 lfo2\"><!--[if !supportLists]-->7.&nbsp;&nbsp;&nbsp;&nbsp;&nbsp;&nbsp; <!--[endif]-->W<br \/>\ntrakcie lekcji nie prowadzi si\u0119 prywatnej korespondencji na czacie, w zespole.<o:p><\/o:p><\/p>\n<p style=\"text-align:justify;text-indent:-18.0pt;\nmso-list:l0 level1 lfo2\"><!--[if !supportLists]-->8.&nbsp;&nbsp;&nbsp;&nbsp;&nbsp;&nbsp; <!--[endif]-->Korzystanie<br \/>\nz telefonu podczas zaj\u0119\u0107 (poza sytuacj\u0105, gdy u\u017cywany jest do uczestnictwa w<br \/>\nlekcji) jest zabronione.<o:p><\/o:p><\/p>\n<p style=\"text-align:justify\"><b>III RODZIC:<o:p><\/o:p><\/b><\/p>\n<p style=\"text-align:justify;text-indent:-18.0pt;\nmso-list:l4 level1 lfo3\"><!--[if !supportLists]-->1.&nbsp;&nbsp;&nbsp;&nbsp;&nbsp;&nbsp; <!--[endif]-->Dba<br \/>\no w\u0142a\u015bciwe warunki do pracy dziecka (spokojne otoczenie, odpowiednie miejsce<br \/>\npracy, bez os\u00f3b trzecich).<o:p><\/o:p><\/p>\n<p style=\"text-align:justify;text-indent:-18.0pt;\nmso-list:l4 level1 lfo3\"><!--[if !supportLists]-->2.&nbsp;&nbsp;&nbsp;&nbsp;&nbsp;&nbsp; <!--[endif]-->Gwarantuje<br \/>\nsprawno\u015b\u0107 sprz\u0119tu, kt\u00f3rym dysponuje dziecko, koniecznego do nauczania zdalnego (komputer,<br \/>\nmikrofon, kamerka).<o:p><\/o:p><\/p>\n<p style=\"text-align:justify;text-indent:-18.0pt;\nmso-list:l4 level1 lfo3\"><!--[if !supportLists]-->3.&nbsp;&nbsp;&nbsp;&nbsp;&nbsp;&nbsp; <!--[endif]-->Wprowadza<br \/>\ndomowe zasady lekcji zdalnych zgodne z zasadami bhp.<o:p><\/o:p><\/p>\n<p style=\"text-align:justify;text-indent:-18.0pt;\nmso-list:l4 level1 lfo3\"><!--[if !supportLists]-->4.&nbsp;&nbsp;&nbsp;&nbsp;&nbsp;&nbsp; <!--[endif]-->Wspiera<br \/>\ndziecko, zach\u0119ca do samodzielno\u015bci.<o:p><\/o:p><\/p>\n<p style=\"text-align:justify;text-indent:-18.0pt;\nmso-list:l4 level1 lfo3\"><!--[if !supportLists]-->5.&nbsp;&nbsp;&nbsp;&nbsp;&nbsp;&nbsp; <!--[endif]-->Ma<br \/>\nprawo korzysta\u0107 z pomocy pedagoga, psychologa, nauczyciela, wychowawcy w formie<br \/>\nzdalnej (kontakt przez Librus).<o:p><\/o:p><\/p>\n<p style=\"text-align:justify;text-indent:-18.0pt;\nmso-list:l4 level1 lfo3\"><!--[if !supportLists]-->6.&nbsp;&nbsp;&nbsp;&nbsp;&nbsp;&nbsp; <!--[endif]-->Zobowi\u0105zany<br \/>\njest niezw\u0142ocznie poinformowa\u0107 nauczyciela o problemach technicznych dziecka,<br \/>\nco umo\u017cliwi wsp\u00f3lne ustalenie tymczasowych zasad uczestnictwa ucznia w<br \/>\nzaj\u0119ciach.<o:p><\/o:p><\/p>\n<p style=\"text-align:justify;text-indent:-18.0pt;\nmso-list:l4 level1 lfo3\"><!--[if !supportLists]-->7.&nbsp;&nbsp;&nbsp;&nbsp;&nbsp;&nbsp; <!--[endif]-->Usprawiedliwia<br \/>\nnieobecno\u015b\u0107 dziecka (przez LIBRUS).<o:p><\/o:p><\/p>\n<p style=\"text-align:justify;text-indent:-18.0pt;\nmso-list:l4 level1 lfo3\"><!--[if !supportLists]-->8.&nbsp;&nbsp;&nbsp;&nbsp;&nbsp;&nbsp; <!--[endif]-->Nie<br \/>\nza\u0142atwia \u017cadnych spraw z dzie\u0107mi w trakcie zaj\u0119\u0107.<o:p><\/o:p><\/p>\n<p style=\"text-align:justify;text-indent:-18.0pt;\nmso-list:l4 level1 lfo3\"><!--[if !supportLists]-->9.&nbsp;&nbsp;&nbsp;&nbsp;&nbsp;&nbsp; <!--[endif]-->Nie<br \/>\ningeruje w prace dzieci, nie podpowiada \u2013 jest uczciwy i tego uczy swoje<br \/>\ndzieci.<o:p><\/o:p><\/p>\n<p style=\"text-align:justify;text-indent:-18.0pt;\nmso-list:l4 level1 lfo3\"><!--[if !supportLists]-->10.&nbsp;&nbsp; <!--[endif]-->Nie<br \/>\nwchodzi w dialog z nauczycielem prowadz\u0105cym lekcj\u0119.<o:p><\/o:p><\/p>\n<p style=\"text-align:justify;text-indent:-18.0pt;\nmso-list:l4 level1 lfo3\"><!--[if !supportLists]-->11.&nbsp;&nbsp; <!--[endif]-->Uczy<br \/>\ndziecko w\u0142a\u015bciwego wykorzystania przerw (rozruszanie si\u0119, jedzenie).<o:p><\/o:p><\/p>\n<p style=\"text-align:justify;text-indent:-18.0pt;\nmso-list:l4 level1 lfo3\"><!--[if !supportLists]-->12.&nbsp;&nbsp; <!--[endif]-->Pomaga<br \/>\nprzygotowa\u0107 si\u0119 do zaj\u0119\u0107 (podr\u0119cznik, zeszyt, inne przybory).<o:p><\/o:p><\/p>\n<p style=\"text-align:justify;text-indent:-18.0pt;\nmso-list:l4 level1 lfo3\"><!--[if !supportLists]-->13.&nbsp;&nbsp; <!--[endif]-->Zwraca<br \/>\nuwag\u0119, by dziecko nie u\u017cywa\u0142o telefonu podczas zaj\u0119\u0107 (poza sytuacj\u0105, gdy<br \/>\nwykorzystywany jest on do uczestnictwa w lekcji).<o:p><\/o:p><\/p>\n<p style=\"text-align:justify\"><b>IV UCZE\u0143:<o:p><\/o:p><\/b><\/p>\n<p style=\"text-align:justify;text-indent:-18.0pt;\nmso-list:l3 level1 lfo4\"><!--[if !supportLists]-->1.&nbsp;&nbsp;&nbsp;&nbsp;&nbsp;&nbsp; <!--[endif]-->Pracuje<br \/>\nzdalnie zgodnie z planem lekcji.<o:p><\/o:p><\/p>\n<p style=\"text-align:justify;text-indent:-18.0pt;\nmso-list:l3 level1 lfo4\"><!--[if !supportLists]-->2.&nbsp;&nbsp;&nbsp;&nbsp;&nbsp;&nbsp; <!--[endif]-->Komunikuje<br \/>\nsi\u0119 z nauczycielem wy\u0142\u0105cznie elektronicznie.<o:p><\/o:p><\/p>\n<p style=\"text-align:justify;text-indent:-18.0pt;\nmso-list:l3 level1 lfo4\"><!--[if !supportLists]-->3.&nbsp;&nbsp;&nbsp;&nbsp;&nbsp;&nbsp; <!--[endif]-->Loguje<br \/>\nsi\u0119 imieniem i nazwiskiem w TEAMS.<o:p><\/o:p><\/p>\n<p style=\"text-align:justify;text-indent:-18.0pt;\nmso-list:l3 level1 lfo4\"><!--[if !supportLists]-->4.&nbsp;&nbsp;&nbsp;&nbsp;&nbsp;&nbsp; <!--[endif]-->Terminowo<br \/>\nwykonuje prace.<o:p><\/o:p><\/p>\n<p style=\"text-align:justify;text-indent:-18.0pt;\nmso-list:l3 level1 lfo4\"><!--[if !supportLists]-->5.&nbsp;&nbsp;&nbsp;&nbsp;&nbsp;&nbsp; <!--[endif]-->Oddaje<br \/>\nprace tym samym kana\u0142em, kt\u00f3rym zosta\u0142y zadane (chyba \u017ce inaczej ustali<br \/>\nnauczyciel, kt\u00f3ry o tym poinformuje).<o:p><\/o:p><\/p>\n<p style=\"text-align:justify;text-indent:-18.0pt;\nmso-list:l3 level1 lfo4\"><!--[if !supportLists]-->6.&nbsp;&nbsp;&nbsp;&nbsp;&nbsp;&nbsp; <!--[endif]-->Ma<br \/>\nobowi\u0105zek punktualnego stawiania si\u0119 na zaj\u0119ciach.<o:p><\/o:p><\/p>\n<p style=\"text-align:justify;text-indent:-18.0pt;\nmso-list:l3 level1 lfo4\"><!--[if !supportLists]-->7.&nbsp;&nbsp;&nbsp;&nbsp;&nbsp;&nbsp; <!--[endif]-->Mo\u017ce<br \/>\nby\u0107 pytany na lekcji na zwyk\u0142ych zasadach \u2013 odpowiada zawsze z w\u0142\u0105czon\u0105<br \/>\nkamerk\u0105.<o:p><\/o:p><\/p>\n<p style=\"text-align:justify;text-indent:-18.0pt;\nmso-list:l3 level1 lfo4\"><!--[if !supportLists]-->8.&nbsp;&nbsp;&nbsp;&nbsp;&nbsp;&nbsp; <!--[endif]-->W<br \/>\nrazie nieobecno\u015bci na sprawdzianie lub je\u015bli wyst\u0105pi\u0142a utrata po\u0142\u0105czenia \u2013<br \/>\nkontaktuje si\u0119 z nauczycielem i ustala termin indywidualnych konsultacji w celu<br \/>\nzaliczenia zaleg\u0142ej pracy.<o:p><\/o:p><\/p>\n<p style=\"text-align:justify;text-indent:-18.0pt;\nmso-list:l3 level1 lfo4\"><!--[if !supportLists]-->9.&nbsp;&nbsp;&nbsp;&nbsp;&nbsp;&nbsp; <!--[endif]-->Wykonuje<br \/>\ni przesy\u0142a prace zgodnie ze wskaz\u00f3wkami nauczyciela.<o:p><\/o:p><\/p>\n<p style=\"text-align:justify;text-indent:-18.0pt;\nmso-list:l3 level1 lfo4\"><!--[if !supportLists]-->10.&nbsp;&nbsp; <!--[endif]-->Je\u015bli<br \/>\nczego\u015b nie wie czy nie mo\u017ce znale\u017a\u0107, najpierw sprawdza meile, czaty, zak\u0142adki w<br \/>\nTEAMS, nast\u0119pnie pyta koleg\u00f3w, dopiero potem kieruje pytanie do nauczyciela.<o:p><\/o:p><\/p>\n<p style=\"text-align:justify;text-indent:-18.0pt;\nmso-list:l3 level1 lfo4\"><!--[if !supportLists]-->11.&nbsp;&nbsp; <!--[endif]-->Wszelkie<br \/>\ntrudno\u015bci techniczne zwi\u0105zane z obs\u0142ug\u0105 TEAMS&nbsp;<br \/>\nzg\u0142asza rodzicom i nauczycielowi informatyki.<o:p><\/o:p><\/p>\n<p style=\"text-align:justify\"><b>V NAUCZYCIEL:<\/b><o:p><\/o:p><\/p>\n<p style=\"text-align:justify;text-indent:-18.0pt;\nmso-list:l5 level1 lfo5\"><!--[if !supportLists]-->1.&nbsp;&nbsp;&nbsp;&nbsp;&nbsp;&nbsp; <!--[endif]-->Prowadzi<br \/>\nwideolekcje.<o:p><\/o:p><\/p>\n<p style=\"text-align:justify;text-indent:-18.0pt;\nmso-list:l5 level1 lfo5\"><!--[if !supportLists]-->2.&nbsp;&nbsp;&nbsp;&nbsp;&nbsp;&nbsp; <!--[endif]-->Odnotowuje<br \/>\nw LIBRUSIE obecno\u015b\u0107\/nieobecno\u015b\u0107 i oceny uczni\u00f3w.<o:p><\/o:p><\/p>\n<p style=\"text-align:justify;text-indent:-18.0pt;\nmso-list:l5 level1 lfo5\"><!--[if !supportLists]-->3.&nbsp;&nbsp;&nbsp;&nbsp;&nbsp;&nbsp; <!--[endif]-->Umieszcza<br \/>\nw TEAMSACH (ZESPO\u0141Y &#8211; ZADANIA lub NOTES) \u0107wiczenia, testy, prace \u2013 z dat\u0105<br \/>\noddania i ewentualn\u0105 instrukcj\u0105 wykonania (termin oddania jest widoczny, tak\u017ce<br \/>\nto, kto prac\u0119 przesy\u0142a; w tym miejscu mo\u017cna prace komentowa\u0107; wszystkie prace<br \/>\nklasy mamy w jednym miejscu).<o:p><\/o:p><\/p>\n<p style=\"text-align:justify;text-indent:-18.0pt;\nmso-list:l5 level1 lfo5\"><!--[if !supportLists]-->4.&nbsp;&nbsp;&nbsp;&nbsp;&nbsp;&nbsp; <!--[endif]-->Jest<br \/>\nzobowi\u0105zany do przeprowadzenia konsultacji z rodzicami zgodnie z ustalonym<br \/>\nharmonogramem.<o:p><\/o:p><\/p>\n<p style=\"text-align:justify;text-indent:-18.0pt;\nmso-list:l5 level1 lfo5\"><!--[if !supportLists]-->5.&nbsp;&nbsp;&nbsp;&nbsp;&nbsp;&nbsp; <!--[endif]-->Ka\u017cdy<br \/>\nnauczyciel zak\u0142ada dla uczni\u00f3w ZESPO\u0141 w TEAMS.<o:p><\/o:p><\/p>\n<p style=\"text-align:justify;text-indent:-18.0pt;\nmso-list:l5 level1 lfo5\"><!--[if !supportLists]-->6.&nbsp;&nbsp;&nbsp;&nbsp;&nbsp;&nbsp; <!--[endif]-->W<br \/>\nrazie nieoddanej pracy informuje rodzic\u00f3w przez LIBRUS.<o:p><\/o:p><\/p>\n<p style=\"text-align:justify;text-indent:-18.0pt;\nmso-list:l5 level1 lfo5\"><!--[if !supportLists]-->7.&nbsp;&nbsp;&nbsp;&nbsp;&nbsp;&nbsp; <!--[endif]-->Zamieszcza,<br \/>\naktualizuje w TEAMS materia\u0142y dla uczni\u00f3w.<o:p><\/o:p><\/p>\n<p style=\"text-align:justify;text-indent:-18.0pt;\nmso-list:l5 level1 lfo5\"><!--[if !supportLists]-->8.&nbsp;&nbsp;&nbsp;&nbsp;&nbsp;&nbsp; <!--[endif]-->Dokumentuje<br \/>\nprac\u0119 odnotowuj\u0105c wszystko w LIBRUSIE (tematy, obecno\u015b\u0107, oceny, terminy<br \/>\nsprawdzian\u00f3w, kartk\u00f3wek).<o:p><\/o:p><\/p>\n<p style=\"text-align:justify;text-indent:-18.0pt;\nmso-list:l5 level1 lfo5\"><!--[if !supportLists]-->9.&nbsp;&nbsp;&nbsp;&nbsp;&nbsp;&nbsp; <!--[endif]-->W<br \/>\nsytuacjach budz\u0105cych w\u0105tpliwo\u015b\u0107 co do samodzielno\u015bci wykonanej przez ucznia<br \/>\npracy, mo\u017ce wezwa\u0107 go na indywidualne konsultacje.<o:p><\/o:p><\/p>\n<p style=\"text-align:justify;text-indent:-18.0pt;\nmso-list:l5 level1 lfo5\"><!--[if !supportLists]-->10.&nbsp;&nbsp; <!--[endif]-->Informuje<br \/>\nuczni\u00f3w o konsekwencjach nieprzes\u0142ania pracy na czas czy \u201eznikania\u201d w trakcie<br \/>\nzaj\u0119\u0107.<o:p><\/o:p><\/p>\n<p style=\"text-align:justify\"><b>VI OCENIANIE:<o:p><\/o:p><\/b><\/p>\n<p style=\"text-align:justify;text-indent:-18.0pt;\nmso-list:l1 level1 lfo6\"><!--[if !supportLists]-->1.&nbsp;&nbsp;&nbsp;&nbsp;&nbsp;&nbsp; <!--[endif]-->Ocenie<br \/>\npodlega: <o:p><\/o:p><\/p>\n<p style=\"text-align:justify\">&#8211; kultura j\u0119zyka i kultura osobista,<br \/>\nzachowanie wed\u0142ug ustalonych zasad,<o:p><\/o:p><\/p>\n<p style=\"text-align:justify\">&#8211; obecno\u015b\u0107 na zaj\u0119ciach \u2013 ucze\u0144,<br \/>\nkt\u00f3ry nie zareaguje na polecenia nauczyciela, odpowiadaj\u0105c przez mikrofon lub<br \/>\npisz\u0105c na czacie, otrzymuje minus za brak pracy na lekcji. Trzeci minus oznacza<br \/>\nocen\u0119 niedostateczn\u0105.<o:p><\/o:p><\/p>\n<p style=\"text-align:justify\">&#8211; postawa uczniowska w czasie<br \/>\nzaj\u0119\u0107,<o:p><\/o:p><\/p>\n<p style=\"text-align:justify\">&#8211; systematyczno\u015b\u0107 w odbiorze i<br \/>\nprzesy\u0142aniu materia\u0142\u00f3w,<o:p><\/o:p><\/p>\n<p style=\"text-align:justify\">&#8211; sumienno\u015b\u0107 i zaanga\u017cowanie w<br \/>\nprac\u0119 na zaj\u0119ciach i w domu,<o:p><\/o:p><\/p>\n<p style=\"text-align:justify\">&#8211; poprawno\u015b\u0107 wykonania zada\u0144 \u2013<br \/>\nzrozumienie tematu, znajomo\u015b\u0107 zagadnienia, konstrukcja pracy, j\u0119zyk,<o:p><\/o:p><\/p>\n<p style=\"text-align:justify\">&#8211; samodzielno\u015b\u0107.<o:p><\/o:p><\/p>\n<p style=\"text-align:justify;text-indent:-18.0pt;\nmso-list:l1 level1 lfo6\"><!--[if !supportLists]-->2.&nbsp;&nbsp;&nbsp;&nbsp;&nbsp;&nbsp; <!--[endif]-->Ocenie<br \/>\npodlegaj\u0105 nast\u0119puj\u0105ce typy prac: sprawdziany, testy, kartk\u00f3wki, karty pracy,<br \/>\nd\u0142u\u017csze wypowiedzi pisemne, projekty, quizy on-line, zeszyty, zeszyt on-line,<br \/>\nwypowiedzi i aktywno\u015b\u0107 podczas zaj\u0119\u0107, prace plastyczne, prezentacje, dodatkowe<br \/>\nprace nieobowi\u0105zkowe oraz inne, o kt\u00f3rych powiadamia nauczyciel.<o:p><\/o:p><\/p>\n<p style=\"text-align:justify;text-indent:-18.0pt;\nmso-list:l1 level1 lfo6\"><!--[if !supportLists]-->3.&nbsp;&nbsp;&nbsp;&nbsp;&nbsp;&nbsp; <!--[endif]-->Niedotrzymanie<br \/>\nterminu wykonania pracy skutkuje obni\u017ceniem oceny.<o:p><\/o:p><\/p>\n<p style=\"text-align:justify;text-indent:-18.0pt;\nmso-list:l1 level1 lfo6\"><!--[if !supportLists]-->4.&nbsp;&nbsp;&nbsp;&nbsp;&nbsp;&nbsp; <!--[endif]-->Je\u015bli<br \/>\nucze\u0144 nie stawi si\u0119 bez usprawiedliwienia na um\u00f3wione konsultacje, ponosi<br \/>\nodpowiednie konsekwencje (traci mo\u017cliwo\u015b\u0107 poprawienia oceny ze sprawdzianu lub<br \/>\npoprawy oceny z przedmiotu).<o:p><\/o:p><\/p>\n<p style=\"text-align:justify;text-indent:-18.0pt;\nmso-list:l1 level1 lfo6\"><!--[if !supportLists]-->5.&nbsp;&nbsp;&nbsp;&nbsp;&nbsp;&nbsp; <!--[endif]-->Aktywno\u015b\u0107<br \/>\nw trakcie zaj\u0119\u0107, wypowiedzi na forum, udzia\u0142 w dyskusji, rozwi\u0105zywanie zada\u0144 s\u0105<br \/>\noceniane plusami.<o:p><\/o:p><\/p>\n<p style=\"text-align:justify;text-indent:-18.0pt;\nmso-list:l1 level1 lfo6\"><!--[if !supportLists]-->6.&nbsp;&nbsp;&nbsp;&nbsp;&nbsp;&nbsp; <!--[endif]-->Przy<br \/>\nwystawianiu klasyfikacyjnych ocen zachowania na pierwszy semestr, kierujemy si\u0119<br \/>\ndwiema kategoriami. Ocenie podlega: stosunek do obowi\u0105zk\u00f3w szkolnych oraz<br \/>\nposzanowanie godno\u015bci cz\u0142owieka. Wyr\u00f3\u017cnienie otrzymuje ucze\u0144, kt\u00f3ry \u2013 obok<br \/>\nodpowiedniej \u015bredniej ocen uzyskanych z przedmiot\u00f3w \u2013 otrzyma co najmniej oceny<br \/>\nbardzo dobre w obu kategoriach.<o:p><\/o:p><\/p>\n","protected":false},"excerpt":{"rendered":"<p>I ZASADY OG\u00d3LNE 1.&nbsp;&nbsp;&nbsp;&nbsp;&nbsp;&nbsp; Udzia\u0142 w zaj\u0119ciach zdalnych jest dla uczni\u00f3w obowi\u0105zkiem. 2.&nbsp;&nbsp;&nbsp;&nbsp;&nbsp;&nbsp; Zabrania si\u0119 przekazywania ID osobom postronnym. 3.&nbsp;&nbsp;&nbsp;&nbsp;&nbsp;&nbsp; Zaj\u0119cia on-line odbywaj\u0105 si\u0119 wg ustalonego planu dost\u0119pnego dla dzieci i rodzic\u00f3w (w LIBRUSIE). 4.&nbsp;&nbsp;&nbsp;&nbsp;&nbsp;&nbsp; Przestrzeganie netykiety jest obowi\u0105zkiem ucznia, nauczyciela, rodzica. 5.&nbsp;&nbsp;&nbsp;&nbsp;&nbsp;&nbsp; W czasie nauki zdalnej wymiana materia\u0142\u00f3w mi\u0119dzy uczniem a nauczycielem przebiega przez [&hellip;]<\/p>\n","protected":false},"author":1,"featured_media":0,"parent":0,"menu_order":0,"comment_status":"closed","ping_status":"closed","template":"","meta":{"footnotes":""},"class_list":["post-520","page","type-page","status-publish","hentry","entry"],"_links":{"self":[{"href":"https:\/\/felicjanki.edu.pl\/index.php?rest_route=\/wp\/v2\/pages\/520","targetHints":{"allow":["GET"]}}],"collection":[{"href":"https:\/\/felicjanki.edu.pl\/index.php?rest_route=\/wp\/v2\/pages"}],"about":[{"href":"https:\/\/felicjanki.edu.pl\/index.php?rest_route=\/wp\/v2\/types\/page"}],"author":[{"embeddable":true,"href":"https:\/\/felicjanki.edu.pl\/index.php?rest_route=\/wp\/v2\/users\/1"}],"replies":[{"embeddable":true,"href":"https:\/\/felicjanki.edu.pl\/index.php?rest_route=%2Fwp%2Fv2%2Fcomments&post=520"}],"version-history":[{"count":5,"href":"https:\/\/felicjanki.edu.pl\/index.php?rest_route=\/wp\/v2\/pages\/520\/revisions"}],"predecessor-version":[{"id":526,"href":"https:\/\/felicjanki.edu.pl\/index.php?rest_route=\/wp\/v2\/pages\/520\/revisions\/526"}],"wp:attachment":[{"href":"https:\/\/felicjanki.edu.pl\/index.php?rest_route=%2Fwp%2Fv2%2Fmedia&parent=520"}],"curies":[{"name":"wp","href":"https:\/\/api.w.org\/{rel}","templated":true}]}}