{"id":208,"date":"2022-01-03T14:28:58","date_gmt":"2022-01-03T12:28:58","guid":{"rendered":"http:\/\/46.171.56.51\/?page_id=208"},"modified":"2022-01-03T14:29:59","modified_gmt":"2022-01-03T12:29:59","slug":"regulamin-szkoly","status":"publish","type":"page","link":"https:\/\/felicjanki.edu.pl\/?page_id=208","title":{"rendered":"Regulamin Szko\u0142y"},"content":{"rendered":"\n<h4 class=\"wp-block-heading\">REGULAMIN SZKO\u0141Y<\/h4>\n\n\n<p><strong>I. WPROWADZENIE<\/strong><\/p>\n\n\n<p>Zasady post\u0119powania i regu\u0142y obowi\u0105zuj\u0105ce w szkole, zamieszczone w Dzienniczku, maj\u0105 uczyni\u0107 to miejsce bezpiecznym oraz pom\u00f3c ludziom, kt\u00f3rzy jak Ty sp\u0119dzaj\u0105 tu wiele czasu, w stworzeniu radosnej i szcz\u0119\u015bliwej wsp\u00f3lnoty.&nbsp; Jeste\u015b jej cz\u0119\u015bci\u0105, wiele wi\u0119c zale\u017cy od Ciebie.&nbsp; Regulamin Szko\u0142y b\u0119dzie Ci towarzyszy\u0142 przez ca\u0142y czas, by Twoje zachowanie by\u0142o odpowiedzialne, celowe, tw\u00f3rcze i prawdziwie chrze\u015bcija\u0144skie.<\/p>\n\n\n<h4 class=\"wp-block-heading\">II. PRAWA UCZNIA<\/h4>\n\n\n<p>&nbsp;&nbsp;&nbsp;&nbsp;&nbsp;&nbsp;&nbsp;&nbsp;&nbsp;&nbsp;&nbsp;&nbsp;&nbsp;&nbsp;&nbsp; Masz prawo do:<\/p>\n\n\n<ul class=\"wp-block-list\"><li>otrzymania od szko\u0142y rzetelnej wiedzy przynajmniej w zakresie podstawy programowej,<\/li><li>wychowania w my\u015bl zasad pedagogiki chrze\u015bcija\u0144skiej,<\/li><li>wszechstronnej opieki na terenie szko\u0142y i pomocy w trudno\u015bciach zwi\u0105zanych z nauk\u0105 oraz sytuacj\u0105 rodzinn\u0105,<\/li><li>okresowych bada\u0144 lekarskich i szczepie\u0144,<\/li><li>przerw mi\u0119dzy lekcjami,<\/li><li>r\u00f3wnomiernego roz\u0142o\u017cenia pracy (prace klasowe nie mog\u0105 odbywa\u0107 si\u0119 cz\u0119\u015bciej ni\u017c jeden raz w ci\u0105gu dnia i nie cz\u0119\u015bciej ni\u017c trzy razy w tygodniu; powinny by\u0107 zapowiedziane z tygodniowym wyprzedzeniem),<\/li><li>jawnej i umotywowanej oceny,<\/li><li>ubiegania si\u0119 o indywidualny tok nauczania,<\/li><li>ubiegania si\u0119 o egzamin komisyjny,<\/li><li>przedstawiania nauczycielom i samorz\u0105dowi uczniowskiemu pomys\u0142\u00f3w i opinii dotycz\u0105cych usprawnienia pracy szko\u0142y,<\/li><li>wysuwania inicjatyw wzbogacaj\u0105cych \u017cycie spo\u0142eczne i kulturalne szko\u0142y,<\/li><li>udzia\u0142u w wyborze samorz\u0105du uczniowskiego,<\/li><li>wyboru nauczyciela \u2013 opiekuna samorz\u0105du uczniowskiego.<\/li><\/ul>\n\n\n<p><strong>III. OBOWI\u0104ZKI UCZNIA:<\/strong><\/p>\n\n\n<p>1. ODNOSZENIE SI\u0118 DO INNYCH<\/p>\n\n\n<p>Chcesz, aby inni Ci\u0119 szanowali i czuli si\u0119 z Tob\u0105 dobrze.&nbsp; Okazuj wi\u0119c wszystkim szacunek.&nbsp; <strong>Pierwszy pozdrawiaj<\/strong> doros\u0142ych (pracownik\u00f3w szko\u0142y, go\u015bci); wstawaj, kiedy wchodz\u0105 do klasy; <strong>ust\u0119puj<\/strong> im miejsca i ze zrozumieniem odno\u015b si\u0119 do wskaz\u00f3wek, kt\u00f3rych Ci udzielaj\u0105.&nbsp; Pami\u0119taj te\u017c, \u017ce <strong>najwa\u017cniejsz\u0105 zasad\u0105 w Twoich kontaktach z innymi jest<\/strong> <strong>przykazanie mi\u0142o\u015bci<\/strong> <strong>Boga i bli\u017aniego.<\/strong>&nbsp; Dlatego wybieraj zawsze to, co prowadzi do zgody, nie ra\u0144 innych swoim zachowaniem ani s\u0142owami, b\u0105d\u017a uczciwy i prawdom\u00f3wny, dbaj o dobre imi\u0119 wszystkich, z kt\u00f3rymi si\u0119 tu spotykasz.<\/p>\n\n\n<p>2. S\u0141U\u017bBA I NAUKA<\/p>\n\n\n<p>W szkole nie tylko zdobywasz wiedz\u0119 i umiej\u0119tno\u015bci, ale tak\u017ce <strong>uczysz si\u0119 s\u0142u\u017cy\u0107 <\/strong>potrzebuj\u0105cym. Staraj si\u0119 rozpoznawa\u0107 sytuacje, w kt\u00f3rych m\u00f3g\u0142by\u015b innym czyni\u0107 dobro, a wtedy zobaczysz, \u017ce \u201ewi\u0119cej rado\u015bci jest w dawaniu ni\u017c w braniu\u201d. Nierzadko razem ze swoj\u0105 klas\u0105 b\u0119dziesz wyje\u017cd\u017ca\u0142 poza teren Twojej szko\u0142y. B\u0105d\u017a wtedy szczeg\u00f3lnie ostro\u017cny i zdyscyplinowany. Swoim zachowaniem \u015bwiadczysz o kulturze, kt\u00f3r\u0105 wynios\u0142e\u015b z domu i ze szko\u0142y. Odno\u015b si\u0119 z szacunkiem do ludzi, kt\u00f3rych spotykasz. Dziel si\u0119 z nimi u\u015bmiechem i dobrym s\u0142owem. Pami\u0119taj, \u017ce Tw\u00f3j czas i wysi\u0142ek ofiarowany drugiej osobie ze szczerego serca mo\u017ce okaza\u0107 si\u0119 najwi\u0119kszym darem, jaki cz\u0142owiek ten w \u017cyciu otrzyma\u0142.<\/p>\n\n\n<p>&nbsp;&nbsp;&nbsp;&nbsp;&nbsp;&nbsp;&nbsp;&nbsp;&nbsp;&nbsp;&nbsp;&nbsp;&nbsp;&nbsp;&nbsp; Mo\u017cesz zosta\u0107 zaproszony do pomocy w organizacji imprez pozalekcyjnych, uczestnictwa w programach czy zawodach albo pracach porz\u0105dkowych itp., kt\u00f3re b\u0119d\u0105 wymaga\u0142y ofiarowania dodatkowego czasu. B\u0105d\u017a wtedy odpowiedzialnie i dotrzymuj danego s\u0142owa.<\/p>\n\n\n<p><strong>Do najwa\u017cniejszych Twoich obowi\u0105zk\u00f3w nale\u017cy<\/strong> <strong>przygotowanie si\u0119 do lekcji<\/strong>.&nbsp; Ma ono wp\u0142yw na Twoj\u0105 ocen\u0119 z przedmiotu, ale przede wszystkim jest Twoim w\u0142asnym wk\u0142adem w zdobywanie wiedzy i umiej\u0119tno\u015bci, w kt\u00f3re pragn\u0105 Ci\u0119 wyposa\u017cy\u0107 Twoi rodzice i nauczyciele.&nbsp; B\u0105d\u017a w tej pracy uczciwy. Pracuj sam zgodnie ze wskaz\u00f3wkami nauczyciela.&nbsp; Dbaj, by zadania przez Ciebie wykonywane by\u0142y czytelne i estetyczne.&nbsp; Prace oddawaj terminowo i pami\u0119taj, \u017ce tylko nieobecno\u015b\u0107 w szkole spowodowana wa\u017cnymi przyczynami usprawiedliwia <strong>brak pracy domowej<\/strong>.&nbsp; Je\u015bli z wa\u017cnych powod\u00f3w nie mog\u0142e\u015b przygotowa\u0107 si\u0119 do lekcji, zg\u0142o\u015b ten fakt swojemu nauczycielowi przed zaj\u0119ciami i dostosuj si\u0119 do regu\u0142, kt\u00f3re w tym wzgl\u0119dzie ustalili\u015bcie na pocz\u0105tku roku.<\/p>\n\n\n<p>3. ORGANIZACJA DNIA<\/p>\n\n\n<p>B\u0105d\u017a punktualny. <strong>Dzie\u0144 rozpoczynamy od czytania<\/strong> <strong>S\u0142owa Bo\u017cego<\/strong> o godzinie 8.20. Powiniene\u015b wi\u0119c przychodzi\u0107 na tyle wcze\u015bnie, by przed modlitw\u0105 zd\u0105\u017cy\u0107 przebra\u0107 si\u0119 w <strong>szatni <\/strong>i zostawi\u0107 sw\u00f3j plecak w sali, w kt\u00f3rej b\u0119dziesz mia\u0142 pierwsz\u0105 lekcj\u0119. Przed 8.20 zajmij miejsce przewidziane dla Twojej klasy na porann\u0105 modlitw\u0119.<\/p>\n\n\n<p>Po modlitwie oczekuj na swojego nauczyciela przed drzwiami sali lekcyjnej.&nbsp; On jest za Ciebie odpowiedzialny w czasie trwania zaj\u0119\u0107, staraj si\u0119 wi\u0119c u\u0142atwi\u0107 mu prac\u0119 swoim zdyscyplinowaniem i pos\u0142usze\u0144stwem.&nbsp; <strong>Dbaj o<\/strong> <strong>miejsce, w kt\u00f3rym pracujesz<\/strong>, by Twoja szko\u0142a by\u0142a czysta, a szkolne sprz\u0119ty \u2013 sprawne.&nbsp; Nigdy nie opuszczaj sali lekcyjnej bez sprawdzenia, czy zostawiasz wszystko w nale\u017cytym porz\u0105dku.<\/p>\n\n\n<p>W czasie przerw dostosuj si\u0119 do wskaz\u00f3wek nauczycieli dy\u017curuj\u0105cych i zg\u0142aszaj im swoje problemy.&nbsp; <strong>Zachowuj<\/strong> <strong>czysto\u015b\u0107<\/strong> <strong>w toaletach i na korytarzach<\/strong>.&nbsp; W ten spos\u00f3b szanujesz wysi\u0142ek ludzi, kt\u00f3rzy dla Ciebie w tej szkole pracuj\u0105.&nbsp; Przestrzegaj d\u0142ugo\u015bci przerw i nigdy po ich zako\u0144czeniu nie sp\u00f3\u017aniaj si\u0119 na lekcje.&nbsp; Nie wolno Ci <strong>po dzwonku<\/strong> robi\u0107 zakup\u00f3w w szkolnym sklepiku ani je\u015b\u0107 obiadu, poniewa\u017c <strong>na lekcj\u0119 powiniene\u015b przyby\u0107 przed nauczycielem.<\/strong><\/p>\n\n\n<p>4. \u015aWI\u0118TOWANIE<\/p>\n\n\n<p>&nbsp;&nbsp;&nbsp;&nbsp;&nbsp;&nbsp;&nbsp;&nbsp;&nbsp;&nbsp;&nbsp;&nbsp;&nbsp;&nbsp;&nbsp; <strong>Twoja szko\u0142a jest szko\u0142\u0105 <\/strong><strong>katolick\u0105, to znaczy, \u017ce wsp\u00f3lnota, kt\u00f3ra j\u0105 tworzy, chce \u017cy\u0107 \u017cyciem ludzi wierz\u0105cych<\/strong>, przyst\u0119puj\u0105c do <strong>sakrament\u00f3w \u015bw<\/strong>. i uczestnicz\u0105c w <strong>liturgii<\/strong> <strong>Ko\u015bcio\u0142a.<\/strong> Ka\u017cdy dzie\u0144 nauki w szkole rozpoczyna si\u0119 <strong>porann\u0105 modlitw\u0105<\/strong>.&nbsp; We\u017a w niej aktywny udzia\u0142.&nbsp; Przyjmij postaw\u0119 godn\u0105 chrze\u015bcijanina \u2013 pomo\u017cesz wtedy tak\u017ce innym. W dni szczeg\u00f3lnie wa\u017cne (uroczysto\u015bci w roku liturgicznym, szkolne \u015bwi\u0119ta, rekolekcje itp.) wsp\u00f3lnota szko\u0142y razem prze\u017cywa <strong>Eucharysti<\/strong>\u0119. \u201eJezus Chrystus sam objawia Siebie w liturgii S\u0142owa i Eucharystii, dlatego wymaga ona pe\u0142nego uczestnictwa i skupienia.&nbsp; Liturgia ma podw\u00f3jny cel: odda\u0107 cze\u015b\u0107 Bogu i u\u015bwi\u0119ci\u0107 Lud Bo\u017cy\u201d&nbsp; (z <em>Konstytucji o Liturgii<\/em>). Ten przywilej mo\u017ce sta\u0107 si\u0119 Twoim g\u0142\u0119bokim do\u015bwiadczeniem, gdy zdecydujesz si\u0119 zada\u0107 sobie trud poprzez uwa\u017cne s\u0142uchanie S\u0142owa Bo\u017cego, przyj\u0119cie Jezusa w komunii \u015bwi\u0119tej, wypowiadanie odpowiedzi na wezwania kap\u0142ana, w\u0142\u0105czenie si\u0119 we wsp\u00f3lny \u015bpiew.<\/p>\n\n\n<p>Warto, by\u015b pami\u0119ta\u0142, \u017ce w modlitwie uczestniczy r\u00f3wnie\u017c Twoje cia\u0142o.&nbsp; Postawa stoj\u0105ca wyra\u017ca Tw\u00f3j szacunek dla mi\u0142uj\u0105cego Boga, kt\u00f3ry wys\u0142uchuje naszych pr\u00f3\u015bb.&nbsp; Kiedy stoisz przed Bogiem, swoj\u0105 uwag\u0119 koncentrujesz na Jego S\u0142owie i b\u0142ogos\u0142awie\u0144stwie.&nbsp; Postawa siedz\u0105ca jest znakiem s\u0142uchania, rozwa\u017cania i kontemplacji S\u0142owa Bo\u017cego. Kiedy kl\u0119kasz, przyznajesz, \u017ce moc Boga jest wi\u0119ksza od Twojej i uznajesz Jego wy\u017cszo\u015b\u0107.&nbsp; Przykl\u0119kanie jest&nbsp; w\u0142a\u015bciwym sposobem oddawania czci Naj\u015bwi\u0119tszemu Sakramentowi.&nbsp; Pami\u0119taj o tym, r\u00f3wnie\u017c wchodz\u0105c do ko\u015bcio\u0142a lub kaplicy. Z Jezusem mo\u017cesz spotka\u0107 si\u0119 na osobistej modlitwie <strong>w<\/strong> <strong>szkolnej kaplicy<\/strong> \u2013 podczas przerw lub po zaj\u0119ciach w szkole.&nbsp; W kaplicy lub ko\u015bciele zawsze<strong> zachowuj si\u0119 godnie<\/strong>, by Twoja postawa by\u0142a pe\u0142na szacunku wobec Boga.&nbsp; Pami\u0119taj, \u017ce swoim zachowaniem wp\u0142ywasz na innych.<\/p>\n\n\n<p>B\u00f3g, kt\u00f3ry jest Mi\u0142o\u015bci\u0105 wci\u0105\u017c na nowo daje Ci szans\u0119, by\u015b poczu\u0142 si\u0119 szczeg\u00f3lnie umi\u0142owanym Jego dzieckiem.&nbsp; Czyni to <strong>w sakramencie pokuty<\/strong>.&nbsp; Korzystaj z tego daru, zawsze, kiedy tego potrzebujesz. Swoj\u0105 wiar\u0119 mo\u017cesz pog\u0142\u0119bia\u0107, bior\u0105c udzia\u0142&nbsp; w nabo\u017ce\u0144stwach prze\u017cywanych w czasie roku liturgicznego.&nbsp; Zach\u0119camy Ci\u0119, by\u015b w pa\u017adzierniku uczestniczy\u0142 <strong>w nabo\u017ce\u0144stwie r\u00f3\u017ca\u0144cowym<\/strong>, w czasie adwentu <strong>w roratach<\/strong>, a w Wielkim Po\u015bcie w nabo\u017ce\u0144stwie <strong>Drogi krzy\u017cowej<\/strong>.&nbsp; Mo\u017cliwo\u015b\u0107 g\u0142\u0119bszego spotkania Chrystusa u\u0142atwi\u0105 Ci rekolekcje, kt\u00f3re mog\u0105 by\u0107 organizowane na terenie szko\u0142y, parafii lub na wyje\u017adzie.<\/p>\n\n\n<p>5. SZATNIA, STO\u0141\u00d3WKA SZKOLNA<\/p>\n\n\n<p><strong>W szatni<\/strong> <strong>mo\u017cesz przebywa\u0107<\/strong> <strong>jedynie w celu przebrania si\u0119.<\/strong>&nbsp; Nie mog\u0105 Ci tam towarzyszy\u0107 Twoi rodzice, poniewa\u017c w\u00f3wczas trudno by\u0142oby uchroni\u0107 szatni\u0119 przed wizytami os\u00f3b, kt\u00f3rych obecno\u015b\u0107 w tym miejscu nie by\u0142aby niczym usprawiedliwiona.&nbsp; Nie przechowuj tam \u017cadnych zb\u0119dnych rzeczy, np. nieu\u017cywanego obuwia lub niepotrzebnych okry\u0107, a obuwie na zmian\u0119 ka\u017cdorazowo chowaj w podpisanym worku.&nbsp; <strong>Nie przyno\u015b z sob\u0105 \u017cadnych warto\u015bciowych przedmiot\u00f3w<\/strong>: szko\u0142a nie mo\u017ce wzi\u0105\u0107 odpowiedzialno\u015bci za ich zagini\u0119cie.&nbsp; Nie pozostawiaj wi\u0119c bez opieki swojej torby, je\u015bli nosisz w niej pieni\u0105dze lub przedmioty warto\u015bciowe.&nbsp; W przypadku kiedy musisz co\u015b w szkole op\u0142aci\u0107, r\u00f3b to jak najwcze\u015bniej rano, by nie zgubi\u0107 pieni\u0119dzy.&nbsp; Dbaj te\u017c o inne swoje rzeczy: pracownicy szko\u0142y mog\u0105 Ci pom\u00f3c w odnalezieniu zguby jedynie w takim przypadku, je\u015bli by\u0142a ona oznaczona Twoim nazwiskiem, a znalazca odni\u00f3s\u0142 j\u0105 dy\u017curnym albo do szatni lub na portierni\u0119.&nbsp; Przed opuszczeniem szko\u0142y na d\u0142u\u017cszy czas (przed feriami i \u015bwi\u0119tami) zr\u00f3b przegl\u0105d swoich rzeczy w szatni i zabierz do domu te, kt\u00f3rych nie u\u017cywasz.&nbsp; Szko\u0142a nie bierze odpowiedzialno\u015bci za rzeczy pozostawione w szatni na okres wakacji letnich.<\/p>\n\n\n<p>Po uiszczeniu stosownych op\u0142at <strong>mo\u017cesz korzysta\u0107 z jednodaniowych<\/strong> <strong>obiad\u00f3w<\/strong>, podawanych w czasie przerw od godz. 11.55 do 14.30.&nbsp; Pami\u0119taj, \u017ce sto\u0142\u00f3wka jest miejscem przeznaczonym wy\u0142\u0105cznie do spo\u017cywania posi\u0142k\u00f3w i tylko w tym celu mo\u017cesz w niej przebywa\u0107.&nbsp; Zachowuj tam kultur\u0119 i dyscyplin\u0119. Okazuj szacunek dla pracy os\u00f3b przygotowuj\u0105cych posi\u0142ki, utrzymuj\u0105cych w sto\u0142\u00f3wce porz\u0105dek, dla innych korzystaj\u0105cych ze szkolnych obiad\u00f3w i dla Bo\u017cego daru, jakim jest po\u017cywienie.<\/p>\n\n\n<p>6. SP\u00d3\u0179NIENIA, NIEOBECNO\u015aCI, ZWOLNIENIA<\/p>\n\n\n<p>Je\u015bli sp\u00f3\u017ani\u0142e\u015b si\u0119, <strong>wpisz swoje dane do<\/strong> <strong>zeszytu sp\u00f3\u017anie\u0144<\/strong> i poczekaj na dolnym holu, a\u017c inni sko\u0144cz\u0105 porann\u0105 modlitw\u0119, by swoim sp\u00f3\u017anionym wej\u015bciem nikogo nie rozprasza\u0107 i nie czyni\u0107 niepotrzebnego zamieszania.&nbsp; Je\u015bli sp\u00f3\u017ani\u0142e\u015b si\u0119 tak\u017ce na lekcje, po wpisaniu si\u0119 do zeszytu sp\u00f3\u017anie\u0144, jak najszybciej udaj si\u0119 do swojej klasy, przepro\u015b nauczyciela za przerwanie lekcji i wyt\u0142umacz pow\u00f3d sp\u00f3\u017anienia.<\/p>\n\n\n<p>Wszystkie Twoje <strong>nieobecno\u015bci musz\u0105 zosta\u0107<\/strong> <strong>usprawiedliwione<\/strong> przed wychowawc\u0105.&nbsp; Je\u015bli powodem nieobecno\u015bci nie by\u0142a choroba po\u015bwiadczona zwolnieniem lekarskim, zadbaj, \u017ceby Twoi Rodzice w ci\u0105gu dw\u00f3ch tygodni pisemnie powiadomili wychowawc\u0119 <strong>o przyczynach Twojej nieobecno\u015bci.<\/strong> Szczeg\u00f3lnie istotne jest, by\u015b nie opuszcza\u0142 najwa\u017cniejszych wydarze\u0144 w szkole: <strong>dni rekolekcji i dni \u015bwi\u0105tecznych<\/strong>, poniewa\u017c jest to czas, kt\u00f3ry pomo\u017ce Ci rozwija\u0107 Twoj\u0105 wiar\u0119 i kszta\u0142towa\u0107 osobowo\u015b\u0107.<\/p>\n\n\n<p>Je\u015bli twoi Rodzice chc\u0105, by\u015b z wa\u017cnego powodu wcze\u015bniej wyszed\u0142 z lekcji, zobowi\u0105zani s\u0105 wpisa\u0107 informacj\u0119 na ten temat do Twojego Dzienniczka.&nbsp; Tylko takie zwolnienie, po potwierdzeniu podpisem przez wychowawc\u0119 i okazaniu nauczycielowi, z kt\u00f3rego lekcji zostajesz zwolniony, uprawnia Ci\u0119 do wcze\u015bniejszego zej\u015bcia do szatni i opuszczenia terenu szko\u0142y.<\/p>\n\n\n<p>7. TELEFONY KOM\u00d3RKOWE, URZ\u0104DZENIA NAGRYWAJ\u0104CE ITP.<\/p>\n\n\n<p>&nbsp;&nbsp;&nbsp;&nbsp;&nbsp;&nbsp;&nbsp;&nbsp;&nbsp;&nbsp;&nbsp;&nbsp;&nbsp;&nbsp;&nbsp; W czasie zaj\u0119\u0107 lekcyjnych i przerw mi\u0119dzy lekcjami, czyli podczas dnia szkolnego, <strong>nie wolno Ci<\/strong> \u2013 bez szczeg\u00f3lnego pozwolenia \u2013 <strong>u\u017cywa\u0107 telefonu kom\u00f3rkowego,<\/strong> poniewa\u017c w szkole mo\u017cesz uczy\u0107 si\u0119 stylu \u017cycia, kt\u00f3ry polega na pe\u0142nym prze\u017cywaniu chwili obecnej, kulturze bycia, szacunku wobec innych i wobec siebie, pi\u0119knego j\u0119zyka, samodzielno\u015bci, otwarcia na spotkanie i przyja\u017a\u0144. Je\u015bli potrzebujesz skorzysta\u0107 z kom\u00f3rki bezpo\u015brednio przed zaj\u0119ciami lub po nich, <strong>wy\u0142\u0105czony (wyciszony to za ma\u0142o!!!) telefon w\u0142\u00f3\u017c do swojego plecaka.<\/strong> Pami\u0119taj jednak, \u017ce szko\u0142a nie ponosi odpowiedzialno\u015bci za jego strat\u0119.<\/p>\n\n\n<p>W szkole mo\u017cesz korzysta\u0107 z czytnika, ale bez ka\u017cdorazowego ustalenia z nauczycielem <strong>nie wolno Ci przynosi\u0107 \u017cadnych urz\u0105dze\u0144 nagrywaj\u0105cych i odtwarzaj\u0105cych ani gier elektronicznych.<\/strong> Pozw\u00f3l sobie odpocz\u0105\u0107 i <strong>zmagaj si\u0119 o uczciwo\u015b\u0107<\/strong>, nawi\u0105zuj\u0105c wi\u0119zi z kolegami oraz troszcz\u0105c si\u0119 o wolno\u015b\u0107 od zniewalaj\u0105cych przyzwyczaje\u0144 i nadmiaru bod\u017ac\u00f3w.<\/p>\n\n\n<p>8. BEZPIECZE\u0143STWO<\/p>\n\n\n<p><strong>Jeste\u015b odpowiedzialny za<\/strong> <strong>bezpiecze\u0144stwo<\/strong> swoje i innych.&nbsp; Nigdy nie nara\u017caj niczyjego zdrowia i \u017cycia bezmy\u015bln\u0105 zabaw\u0105 lub niew\u0142a\u015bciwym wykorzystaniem szkolnego sprz\u0119tu.&nbsp; Nie u\u017cywaj bez zgody i wiedzy nauczyciela \u017cadnych przyrz\u0105d\u00f3w ani pomocy naukowych.&nbsp; Nie przyno\u015b z sob\u0105 przedmiot\u00f3w, kt\u00f3rych u\u017cycie, celowe lub przypadkowe, mo\u017ce zagrozi\u0107 bezpiecze\u0144stwu Twojemu lub innych (zw\u0142aszcza zabawek militarnych).&nbsp; Pami\u0119taj, \u017ce <strong>przerwa ma by\u0107 dla wszystkich czasem odpoczynku<\/strong>, nie ha\u0142asuj wi\u0119c i nie biegaj wewn\u0105trz budynku szkolnego, bo to nie jest bezpieczne.&nbsp; Nie u\u017cywaj si\u0142y w zabawie.&nbsp; Po zaj\u0119ciach, oczekuj\u0105c na Rodzic\u00f3w, nie wychod\u017a poza teren szko\u0142y: przestajesz by\u0107 w\u00f3wczas widoczny i w trudnej sytuacji nikt z os\u00f3b tu pracuj\u0105cych nie b\u0119dzie m\u00f3g\u0142 w por\u0119 udzieli\u0107 Ci pomocy.<\/p>\n\n\n<p><strong>Przed ka\u017cd\u0105 kolejn\u0105 lekcj\u0105 \u2013 nawet wtedy, kiedy spieszysz si\u0119 na obiad \u2013 staraj si\u0119 k\u0142a\u015b\u0107 sw\u00f3j plecak w miejscu, kt\u00f3re nie s\u0142u\u017cy jako przej\u015bcie.<\/strong> Twoje rzeczy wtedy nie utrudni\u0105 nikomu poruszania si\u0119 po szkole, nie b\u0119d\u0105 tak\u017ce nara\u017cone na zniszczenie. Szanuj\u0105c osobist\u0105 w\u0142asno\u015b\u0107, wyra\u017casz szacunek swoim rodzicom.<\/p>\n\n\n<p><strong>W razie wypadku<\/strong> jak najszybciej <strong>informuj o tym nauczyciela<\/strong>.&nbsp; Je\u015bli zaj\u015bcie mia\u0142o miejsce po lekcjach, zwr\u00f3\u0107 si\u0119 o pomoc do pierwszej napotkanej osoby doros\u0142ej (mo\u017ce to by\u0107 na przyk\u0142ad portier \u2013 je\u015bli zajdzie potrzeba, powiadomi on dyrektora szko\u0142y lub zadba o inn\u0105 konieczn\u0105 pomoc).<\/p>\n\n\n<p><strong>IV. STR\u00d3J SZKOLNY<\/strong><\/p>\n\n\n<p><strong>&nbsp;&nbsp;&nbsp;&nbsp;&nbsp;&nbsp;&nbsp;&nbsp;&nbsp;&nbsp;&nbsp;&nbsp;&nbsp;&nbsp;&nbsp; <\/strong>Str\u00f3j szkolny, kt\u00f3ry nosisz, jest <strong>wyrazem tradycji naszej szko\u0142y, katolickiego wychowania oraz warto\u015bci chrze\u015bcija\u0144skich i patriotycznych,<\/strong> kt\u00f3re w tej szkole chcemy razem piel\u0119gnowa\u0107.&nbsp; Nosz\u0105c go z szacunkiem, przyznajesz, \u017ce warto\u015bci te i Tobie s\u0105 drogie, a jednocze\u015bnie uto\u017csamiasz si\u0119 ze swoj\u0105 szko\u0142\u0105 i doceniasz wysi\u0142ek, kt\u00f3ry wielu ludzi wk\u0142ada w budowanie to\u017csamo\u015bci tego miejsca. Jednocze\u015bnie <strong>okazujesz w\u0142asn\u0105 indywidualno\u015b\u0107 i kultur\u0119<\/strong>, decyduj\u0105c si\u0119 na wewn\u0119trzn\u0105 dyscyplin\u0119, jakiej wymaga szkolny str\u00f3j.<\/p>\n\n\n<ol class=\"wp-block-list\" type=\"1\"><li>Str\u00f3j uczniowski w Szkole Podstawowej obejmuje:<\/li><li>str\u00f3j galowy,<\/li><li>str\u00f3j codzienny<\/li><li>str\u00f3j gimnastyczny.<\/li><li>Str\u00f3j sk\u0142ada si\u0119 z element\u00f3w, kt\u00f3re mo\u017cesz dowolnie zestawia\u0107 w zale\u017cno\u015bci od warunk\u00f3w atmosferycznych i Twoich potrzeb osobistych.<\/li><li>Galowy str\u00f3j szkolny obowi\u0105zuje Ci\u0119:<\/li><\/ol>\n\n\n<p>&#8211;&nbsp; w pierwszy i ostatni dzie\u0144 roku szkolnego,<\/p>\n\n\n<p>&#8211;&nbsp; w uroczysto\u015bci ko\u015bcielne i podczas rekolekcji,<\/p>\n\n\n<p>&#8211;&nbsp; w \u015awi\u0119to Patronki Szko\u0142y b\u0142. Marii Angeli Truszkowskiej,<\/p>\n\n\n<p>&#8211;&nbsp; w toku przyst\u0119powania do egzamin\u00f3w i konkurs\u00f3w,<\/p>\n\n\n<p>&#8211;&nbsp; w inne wyznaczone dni.<\/p>\n\n\n<ul class=\"wp-block-list\"><li>Klasy udaj\u0105ce si\u0119 na lekcj\u0119 poza szko\u0142\u0105, koncert, spotkanie o okre\u015blonym charakterze itp. reprezentuj\u0105 szko\u0142\u0119 w stroju galowym.<\/li><li>Str\u00f3j galowy sk\u0142ada si\u0119 z:<\/li><\/ul>\n\n\n<p>&#8211; bia\u0142ej koszuli (bez haft\u00f3w i innych ozd\u00f3b, z d\u0142ugim albo kr\u00f3tkim r\u0119kawem, z ko\u0142nierzykiem),<\/p>\n\n\n<p>&#8211;&nbsp; bordowego pulowera albo bezr\u0119kawnika z emblematem szko\u0142y,<\/p>\n\n\n<p>&#8211;&nbsp; czarnej szkolnej sp\u00f3dnicy dla dziewcz\u0105t (o d\u0142ugo\u015bci nie kr\u00f3tszej ni\u017c tu\u017c przed kolana i nie d\u0142u\u017cszej ni\u0107 do p\u00f3\u0142 \u0142ydki) lub czarnych spodni dla ch\u0142opc\u00f3w,<\/p>\n\n\n<p>&#8211;&nbsp; szkolnego krawata,<\/p>\n\n\n<p>&#8211;&nbsp; rajstop albo skarpet w kolorze naturalnym, bia\u0142ym albo czarnym,<\/p>\n\n\n<p>&#8211;&nbsp; czarnego obuwia na niskim obcasie, dostosowanego do pory roku (w szkole: czarnego obuwia tekstylnego).<\/p>\n\n\n<ul class=\"wp-block-list\"><li>Codzienny str\u00f3j szkolny sk\u0142ada si\u0119 z nast\u0119puj\u0105cych element\u00f3w<\/li><\/ul>\n\n\n<p><strong>wersja A:<\/strong><\/p>\n\n\n<p>&#8211;&nbsp; bia\u0142ej bluzki polo (z ko\u0142nierzykiem, z d\u0142ugim albo kr\u00f3tkim r\u0119kawem),<\/p>\n\n\n<p>&#8211;&nbsp; bordowego pulowera albo bezr\u0119kawnika z emblematem szko\u0142y, ew. bluzy ze&nbsp; szkolnym oznaczeniem,<\/p>\n\n\n<p>&#8211;&nbsp; czarnej lub granatowej sp\u00f3dnicy (o d\u0142ugo\u015bci nie kr\u00f3tszej ni\u017c tu\u017c przed kolana i nie d\u0142u\u017cszej ni\u017c do p\u00f3\u0142 \u0142ydki) dla dziewcz\u0105t, ewentualnie spodni w tych samych kolorach (dziewcz\u0119ta nie nosz\u0105 samych leggins\u00f3w!) i czarnych lub granatowych spodni dla ch\u0142opc\u00f3w,<\/p>\n\n\n<p>&#8211;&nbsp; rajstop albo skarpet w kolorze naturalnym, bia\u0142ym albo czarnym,<\/p>\n\n\n<p>&#8211;&nbsp; obuwia tekstylnego;<\/p>\n\n\n<p><strong>wersja B (letnia):<\/strong><\/p>\n\n\n<p>&#8211;&nbsp; bia\u0142ej bluzki polo (z ko\u0142nierzykiem, z kr\u00f3tkim r\u0119kawem), z emblematem szko\u0142y<\/p>\n\n\n<p>&#8211; czarnej lub granatowej sp\u00f3dnicy dla dziewcz\u0105t (o wskazanej wy\u017cej d\u0142ugo\u015bci)<br>i czarnych lub granatowych spodni dla ch\u0142opc\u00f3w,<\/p>\n\n\n<p>&#8211;&nbsp; rajstop albo skarpet w kolorze naturalnym, bia\u0142ym albo czarnym,<\/p>\n\n\n<p>&#8211;&nbsp; obuwia tekstylnego;<\/p>\n\n\n<ul class=\"wp-block-list\"><li>Str\u00f3j gimnastyczny, obowi\u0105zuj\u0105cy Ci\u0119 na lekcjach wychowania fizycznego obowi\u0105zuje wed\u0142ug ustale\u0144 podanych przez nauczyciela tego przedmiotu.<\/li><li>Uczniowie Szko\u0142y Podstawowej Si\u00f3str Felicjanek w lekcjach i w zaj\u0119ciach pozalekcyjnych powinni uczestniczy\u0107 w kompletnym stroju szkolnym.<\/li><li>Za brak w\u0142a\u015bciwego stroju uwa\u017cany jest brak stroju szkolnego albo jednego z jego element\u00f3w oraz noszenie odzie\u017cy w innych fasonach i kolorach ni\u017c obowi\u0105zuj\u0105ce wed\u0142ug wzoru przewidzianego w regulaminie.<\/li><li>Tw\u00f3j stosunek do stroju uczniowskiego zostanie oceniony i wyra\u017cony w ocenie zachowania.<\/li><li>Pami\u0119taj, \u017ce godnie nosi\u0107 str\u00f3j szkolny znaczy te\u017c dba\u0107 o higien\u0119 osobist\u0105.<\/li><li>Twoja fryzura powinna by\u0107 skromna i estetyczna (w\u0142osy kr\u00f3tkie lub zwi\u0105zane).<\/li><li>W\u0142os\u00f3w nie wolno farbowa\u0107 ani ondulowa\u0107.<\/li><li>W szkole nie nosimy bi\u017cuterii i nie przychodzimy tutaj z makija\u017cem.<\/li><li>Dniami \u201ekolorowymi\u201d, w kt\u00f3re nie obowi\u0105zuje str\u00f3j uczniowski (obowi\u0105zuje jednak wyra\u017cany przez str\u00f3j szacunek dla siebie i innych oraz respektowanie klimatu pracy), s\u0105 w naszej szkole:<\/li><\/ul>\n\n\n<p>&#8211;&nbsp; pierwszy dzie\u0144 wiosny \u2013 21 marca,<\/p>\n\n\n<p>&#8211;&nbsp; Dzie\u0144 Dziecka \u2013 1 czerwca,<strong><\/strong><\/p>\n\n\n<p>&#8211;&nbsp; i inne dni wyznaczone przez dyrektora w porozumieniu z Samorz\u0105dem Uczniowskim.<\/p>\n","protected":false},"excerpt":{"rendered":"<p>REGULAMIN SZKO\u0141Y I. WPROWADZENIE Zasady post\u0119powania i regu\u0142y obowi\u0105zuj\u0105ce w szkole, zamieszczone w Dzienniczku, maj\u0105 uczyni\u0107 to miejsce bezpiecznym oraz pom\u00f3c ludziom, kt\u00f3rzy jak Ty sp\u0119dzaj\u0105 tu wiele czasu, w stworzeniu radosnej i szcz\u0119\u015bliwej wsp\u00f3lnoty.&nbsp; Jeste\u015b jej cz\u0119\u015bci\u0105, wiele wi\u0119c zale\u017cy od Ciebie.&nbsp; Regulamin Szko\u0142y b\u0119dzie Ci towarzyszy\u0142 przez ca\u0142y czas, by Twoje zachowanie by\u0142o [&hellip;]<\/p>\n","protected":false},"author":1,"featured_media":0,"parent":0,"menu_order":0,"comment_status":"closed","ping_status":"closed","template":"elementor_header_footer","meta":{"footnotes":""},"class_list":["post-208","page","type-page","status-publish","hentry","entry"],"_links":{"self":[{"href":"https:\/\/felicjanki.edu.pl\/index.php?rest_route=\/wp\/v2\/pages\/208","targetHints":{"allow":["GET"]}}],"collection":[{"href":"https:\/\/felicjanki.edu.pl\/index.php?rest_route=\/wp\/v2\/pages"}],"about":[{"href":"https:\/\/felicjanki.edu.pl\/index.php?rest_route=\/wp\/v2\/types\/page"}],"author":[{"embeddable":true,"href":"https:\/\/felicjanki.edu.pl\/index.php?rest_route=\/wp\/v2\/users\/1"}],"replies":[{"embeddable":true,"href":"https:\/\/felicjanki.edu.pl\/index.php?rest_route=%2Fwp%2Fv2%2Fcomments&post=208"}],"version-history":[{"count":4,"href":"https:\/\/felicjanki.edu.pl\/index.php?rest_route=\/wp\/v2\/pages\/208\/revisions"}],"predecessor-version":[{"id":212,"href":"https:\/\/felicjanki.edu.pl\/index.php?rest_route=\/wp\/v2\/pages\/208\/revisions\/212"}],"wp:attachment":[{"href":"https:\/\/felicjanki.edu.pl\/index.php?rest_route=%2Fwp%2Fv2%2Fmedia&parent=208"}],"curies":[{"name":"wp","href":"https:\/\/api.w.org\/{rel}","templated":true}]}}