{"id":183,"date":"2022-01-03T14:07:41","date_gmt":"2022-01-03T12:07:41","guid":{"rendered":"http:\/\/46.171.56.51\/?page_id=183"},"modified":"2022-01-10T23:57:34","modified_gmt":"2022-01-10T21:57:34","slug":"patronka","status":"publish","type":"page","link":"https:\/\/felicjanki.edu.pl\/?page_id=183","title":{"rendered":"Patronka"},"content":{"rendered":"<p>Nasza Patronka<\/p>\n<style>\/*! elementor - v3.5.3 - 28-12-2021 *\/\n.elementor-heading-title{padding:0;margin:0;line-height:1}.elementor-widget-heading .elementor-heading-title[class*=elementor-size-]>a{color:inherit;font-size:inherit;line-height:inherit}.elementor-widget-heading .elementor-heading-title.elementor-size-small{font-size:15px}.elementor-widget-heading .elementor-heading-title.elementor-size-medium{font-size:19px}.elementor-widget-heading .elementor-heading-title.elementor-size-large{font-size:29px}.elementor-widget-heading .elementor-heading-title.elementor-size-xl{font-size:39px}.elementor-widget-heading .elementor-heading-title.elementor-size-xxl{font-size:59px}<\/style>\n<h1>b\u0142. MARIA ANGELA TRUSZKOWSKA<\/h1>\n<style>\/*! elementor - v3.5.3 - 28-12-2021 *\/\n.elementor-widget-image{text-align:center}.elementor-widget-image a{display:inline-block}.elementor-widget-image a img[src$=\".svg\"]{width:48px}.elementor-widget-image img{vertical-align:middle;display:inline-block}<\/style>\n<p>\t\t\t\t\t\t\t\t\t\t\t\t<img decoding=\"async\" width=\"632\" height=\"444\" src=\"https:\/\/felicjanki.edu.pl\/wp-content\/uploads\/2022\/01\/matkaangela.jpg\" alt=\"\" loading=\"lazy\" srcset=\"https:\/\/felicjanki.edu.pl\/wp-content\/uploads\/2022\/01\/matkaangela.jpg 632w, https:\/\/felicjanki.edu.pl\/wp-content\/uploads\/2022\/01\/matkaangela-300x211.jpg 300w\" sizes=\"auto, (max-width: 632px) 100vw, 632px\" \/>\t\t\t\t\t\t\t\t\t\t\t\t\t\t\t<\/p>\n<p>B\u00f3g przem\u00f3wi\u0142 do nas przez wspania\u0142e dziedzictwo duchowe b\u0142. Marii Angeli Truszkowskiej, kt\u00f3ra drog\u0119 odnowy cz\u0142owieka i \u015bwiata widzia\u0142a w wiernym wype\u0142nieniu woli Bo\u017cej oraz w mi\u0142o\u015bci i ofiarnej s\u0142u\u017cbie bli\u017aniemu.<br \/>Przez ca\u0142e \u017cycie sz\u0142a wiernie za Chrystusem i Jego Krzy\u017cem, bez wzgl\u0119du na cen\u0119, jak\u0105 trzeba by\u0142o za to zap\u0142aci\u0107. Wierna w cierpieniu, wierna w mi\u0142o\u015bci, wierna do ko\u0144ca, bo jej pokarmem by\u0142o pe\u0142nienie woli Tego, kt\u00f3ry j\u0105 pos\u0142a\u0142.<\/p>\n<p>Jan Pawe\u0142 II<\/p>\n","protected":false},"excerpt":{"rendered":"<p>Nasza Patronka b\u0142. MARIA ANGELA TRUSZKOWSKA B\u00f3g przem\u00f3wi\u0142 do nas przez wspania\u0142e dziedzictwo duchowe b\u0142. Marii Angeli Truszkowskiej, kt\u00f3ra drog\u0119 odnowy cz\u0142owieka i \u015bwiata widzia\u0142a w wiernym wype\u0142nieniu woli Bo\u017cej oraz w mi\u0142o\u015bci i ofiarnej s\u0142u\u017cbie bli\u017aniemu.Przez ca\u0142e \u017cycie sz\u0142a wiernie za Chrystusem i Jego Krzy\u017cem, bez wzgl\u0119du na cen\u0119, jak\u0105 trzeba by\u0142o za to [&hellip;]<\/p>\n","protected":false},"author":1,"featured_media":0,"parent":0,"menu_order":0,"comment_status":"closed","ping_status":"closed","template":"elementor_header_footer","meta":{"footnotes":""},"class_list":["post-183","page","type-page","status-publish","hentry","entry"],"_links":{"self":[{"href":"https:\/\/felicjanki.edu.pl\/index.php?rest_route=\/wp\/v2\/pages\/183","targetHints":{"allow":["GET"]}}],"collection":[{"href":"https:\/\/felicjanki.edu.pl\/index.php?rest_route=\/wp\/v2\/pages"}],"about":[{"href":"https:\/\/felicjanki.edu.pl\/index.php?rest_route=\/wp\/v2\/types\/page"}],"author":[{"embeddable":true,"href":"https:\/\/felicjanki.edu.pl\/index.php?rest_route=\/wp\/v2\/users\/1"}],"replies":[{"embeddable":true,"href":"https:\/\/felicjanki.edu.pl\/index.php?rest_route=%2Fwp%2Fv2%2Fcomments&post=183"}],"version-history":[{"count":11,"href":"https:\/\/felicjanki.edu.pl\/index.php?rest_route=\/wp\/v2\/pages\/183\/revisions"}],"predecessor-version":[{"id":441,"href":"https:\/\/felicjanki.edu.pl\/index.php?rest_route=\/wp\/v2\/pages\/183\/revisions\/441"}],"wp:attachment":[{"href":"https:\/\/felicjanki.edu.pl\/index.php?rest_route=%2Fwp%2Fv2%2Fmedia&parent=183"}],"curies":[{"name":"wp","href":"https:\/\/api.w.org\/{rel}","templated":true}]}}