{"id":148,"date":"2022-01-03T13:18:20","date_gmt":"2022-01-03T11:18:20","guid":{"rendered":"http:\/\/46.171.56.51\/?page_id=148"},"modified":"2026-02-04T14:26:19","modified_gmt":"2026-02-04T12:26:19","slug":"rekrutacja","status":"publish","type":"page","link":"https:\/\/felicjanki.edu.pl\/?page_id=148","title":{"rendered":"Rekrutacja"},"content":{"rendered":"<p>SPOTKANIE INFORMACYJNE dotycz\u0105ce naszej szko\u0142y: 4 lutego 2026 r., godzina 18:00, szkolna aula<\/p>\n<p>Zapraszamy wszystkich rodzic\u00f3w, kt\u00f3rzy szukaj\u0105 miejsca nauki dla swojego dziecka w klasie I w roku szkolnym 2026\/2027<\/p>\n<p>W terminie 9 lutego \u2013 30 marca 2026 r. w sekretariacie szko\u0142y przyjmujemy podania rodzic\u00f3w dzieci zg\u0142aszanych do pierwszej klasy Szko\u0142y Podstawowej Si\u00f3str Felicjanek na rok szkolny 2026\/2027. Tam te\u017c udzielamy wst\u0119pnych informacji (tel. 22 815 20 53).<\/p>\n<p>Potrzebne dokumenty to:<\/p>\n<p>podanie (tre\u015b\u0107 w\u0142asna), kwestionariusz, zgody rodzic\u00f3w na przetwarzanie danych osobowych i zgoda na publikacj\u0119 wizerunku oraz deklaracja (do pobrania ze strony internetowej: felicjanki.edu.pl), \u015bwiadectwo chrztu \u015bw., trzy zdj\u0119cia kandydata do legitymacji (aktualne, podpisane na odwrocie).<\/p>\n<p>Op\u0142ata rekrutacyjna 100 z\u0142<\/p>\n<p>&nbsp;<\/p>\n<p>Pliki do pobrania:<\/p>\n<p><a href=\"https:\/\/felicjanki.edu.pl\/wp-content\/uploads\/2024\/01\/A_KWESTIONARIUSZ_po_zmianie_2024I22_kopia.pdf\">Kwestionariusz<\/a><\/p>\n<p><a href=\"https:\/\/felicjanki.edu.pl\/wp-content\/uploads\/2024\/01\/Zgoda-na-przetwarzanie-danych-i-publikacje\u0328-wizerunku-1.pdf\">Zgoda na przetwarzanie danych osobowych i publikacj\u0119 wizerunku<\/a><\/p>\n<p><a href=\"https:\/\/felicjanki.edu.pl\/wp-content\/uploads\/2022\/01\/DEKLARACJA_SP.pdf\">Deklaracja<\/a><\/p>\n","protected":false},"excerpt":{"rendered":"<p>SPOTKANIE INFORMACYJNE dotycz\u0105ce naszej szko\u0142y: 4 lutego 2026 r., godzina 18:00, szkolna aula Zapraszamy wszystkich rodzic\u00f3w, kt\u00f3rzy szukaj\u0105 miejsca nauki dla swojego dziecka w klasie I w roku szkolnym 2026\/2027 W terminie 9 lutego \u2013 30 marca 2026 r. w sekretariacie szko\u0142y przyjmujemy podania rodzic\u00f3w dzieci zg\u0142aszanych do pierwszej klasy Szko\u0142y Podstawowej Si\u00f3str Felicjanek na [&hellip;]<\/p>\n","protected":false},"author":1,"featured_media":0,"parent":0,"menu_order":0,"comment_status":"closed","ping_status":"closed","template":"","meta":{"footnotes":""},"class_list":["post-148","page","type-page","status-publish","hentry","entry"],"_links":{"self":[{"href":"https:\/\/felicjanki.edu.pl\/index.php?rest_route=\/wp\/v2\/pages\/148","targetHints":{"allow":["GET"]}}],"collection":[{"href":"https:\/\/felicjanki.edu.pl\/index.php?rest_route=\/wp\/v2\/pages"}],"about":[{"href":"https:\/\/felicjanki.edu.pl\/index.php?rest_route=\/wp\/v2\/types\/page"}],"author":[{"embeddable":true,"href":"https:\/\/felicjanki.edu.pl\/index.php?rest_route=\/wp\/v2\/users\/1"}],"replies":[{"embeddable":true,"href":"https:\/\/felicjanki.edu.pl\/index.php?rest_route=%2Fwp%2Fv2%2Fcomments&post=148"}],"version-history":[{"count":61,"href":"https:\/\/felicjanki.edu.pl\/index.php?rest_route=\/wp\/v2\/pages\/148\/revisions"}],"predecessor-version":[{"id":1889,"href":"https:\/\/felicjanki.edu.pl\/index.php?rest_route=\/wp\/v2\/pages\/148\/revisions\/1889"}],"wp:attachment":[{"href":"https:\/\/felicjanki.edu.pl\/index.php?rest_route=%2Fwp%2Fv2%2Fmedia&parent=148"}],"curies":[{"name":"wp","href":"https:\/\/api.w.org\/{rel}","templated":true}]}}